). Suppose -3*k = -i + 5, -k + 3*i = -1 - 0. What is o(k)?
11
Let c(y) = y**2 - 3. Suppose r - 2 = 0, -2*f + 0 = -2*r - 2. Let k be 0 + (3 - -16) + f. Let n be (-12)/10*55/k. What is c(n)?
6
Let j = 3 + 0. Let b(v) = -3*v + j*v + 5*v - 3*v. Give b(-2).
-4
Let h(g) = -4*g**2 - 11 - 2*g**2 + 10 + 2*g - g**2. Suppose -2 + 0 = -2*q. Determine h(q).
-6
Let k(a) = 2*a + 0 + 0 - 1. Suppose 12 = -22*b + 26*b. Give k(b).
5
Let m(n) = n. Let k(v) = -v**3 - 9*v**2 + 10*v + 6. Let x be k(-10). Let l be (-46)/(-3) - (-4)/x. Suppose s = 5*s + l. Determine m(s).
-4
Let z be (22 - 11)/(1 - 2). Let o = z - -10. Let w(m) = -m - 2. Calculate w(o).
-1
Let s(c) be the third derivative of 2*c**5/15 + c**4/24 - c**3/6 - 5*c**2. Let i be (-7)/(-5) - 10/25. Determine s(i).
8
Suppose -6 = -2*x + c, -2*x - 9*c + 5*c + 6 = 0. Let m(n) = 2*n**3 + 4*n - n - 1 + 0*n - x*n**2. Give m(2).
9
Let a(j) = 2*j - 2 + 8 - 6. Calculate a(6).
12
Let s(m) = m**3 + 6*m**2 - 7*m. Let q be s(-7). Let w(x) = -x**3 + 5*x**2 - 2*x + 5. Let c be w(5). Let d = c - q. Let l(o) = -o - 8. Calculate l(d).
-3
Let g(v) = -v - 5. Let t = 7 + -7. Suppose t = 2*d + 19 - 5. Determine g(d).
2
Let p(o) = -25*o - 2. Let t(w) = 12*w + 1. Let m(q) = -6*p(q) - 13*t(q). Calculate m(-1).
5
Suppose 4*o - 8 = 4*j, -12 = -5*j - 4*o - 4. Let i(t) = t - 12. Calculate i(j).
-12
Let v(f) be the third derivative of 0*f**3 - 1/8*f**4 + 0*f + f**2 + 0. Give v(2).
-6
Let s(h) be the second derivative of h**4/12 - h**3/3 - h**2 - h. Calculate s(-2).
6
Let c be 16/(-8)*6/4. Let v = c - -8. Let j(u) = u**2 - 4*u - 3. Calculate j(v).
2
Suppose 17 + 1 = 3*n. Let i(t) = -t**3 - 2 + t - 2 - t**2 + 7*t**2. What is i(n)?
2
Let f be 57/12 - (-6)/24. Let d(y) = y**3 - 5*y**2 + 4*y - 4. What is d(f)?
16
Let a(j) = 4*j**3 - 1. Let g(b) = -b**3 - b**2 - b. Let f(d) = -a(d) + g(d). Let h = 263 - 262. What is f(h)?
-6
Let s(u) be the second derivative of -5*u - 1/6*u**3 + 0 + 1/12*u**4 - 1/2*u**2. Suppose 5*p = -0*p - 10. Determine s(p).
5
Let t(l) = l**3 - 6*l**2 + 4*l + 5. Let h be t(5). Let g(a) be the second derivative of -a**4/12 - 11*a**2/2 + 29*a. Calculate g(h).
-11
Let h be 6/5*(-50)/(-15). Let x = h + -2. Suppose x = -2*o + 6. Let k(f) = 5*f - 2. What is k(o)?
8
Let f(d) be the first derivative of -d**2/2 - d + 12. Calculate f(-3).
2
Let m(s) = -s**2 - 6*s - 7. Let y = -2 - -5. Suppose -y*b - 25 = 2*b. Give m(b).
-2
Let w(n) = -n**2 + 2*n + 2. Let p(b) = -2*b**2 + 5*b + 5. Let x(u) = 4*p(u) - 9*w(u). Let d = 1 + -4. What is x(d)?
5
Let y(u) = -7*u**2 + 2*u - 13. Let k(p) = 4*p**2 - p + 7. Let r(s) = 11*k(s) + 6*y(s). Let g = 2 - 2. Let a = g + 1. What is r(a)?
2
Let h = -6 - -9. Suppose 4*c = 3*g - 24, g - h*g = -3*c - 17. Let p(l) = -l**2 - l. What is p(c)?
-6
Let z(y) = y**2 - 5*y - 2. Let u be z(6). Let g be 18/(-12)*u/6. Let q(o) = 2*o**2 - o - 1. Calculate q(g).
2
Let t(n) = -4*n + 7*n + 3 - 24*n**2 + 16*n**2 + 7*n**2. Give t(3).
3
Let o(q) = -6 - 3*q**2 + 6*q + q**2 + q**2. Suppose -10 = 2*y, y + y = -4*t + 26. Let s = 13 - t. Calculate o(s).
2
Let v(u) = -6*u - 3 + 19*u**2 - 5*u**2 - 15*u**2. Let m(f) = f + 1. Let h be m(-5). What is v(h)?
5
Let c(x) = 8*x + 5. Suppose 6*r + 21 = -3. What is c(r)?
-27
Let y(o) be the third derivative of o**4/12 + o**3 + 12*o**2. Give y(-4).
-2
Let y(a) = a**3 + 3*a**2 + 5. Let b(m) = -2*m**3 + m**2 + m + 6. Let k be b(2). Give y(k).
-11
Let n = 4 + -2. Suppose -4*f - 4*h = h - 15, 4*f + 3*h - 9 = 0. Let m(q) = -2*q + 3 - q**2 - 2*q + f*q + q**3. Calculate m(n).
-1
Let a be (-2)/(-1) - 0/(-3). Let q(d) = a*d - 10 - 6 + 15. What is q(4)?
7
Let x(o) = 0*o - 121 + o - 106 + 213. Calculate x(0).
-14
Let l(h) = -11 + 12 + 2 + h. Calculate l(3).
6
Let z(j) = 10*j**2 + 7. Let c(i) = 9*i. Let b be c(1). Let a(h) = 5*h**2 + 3. Let o(t) = b*a(t) - 4*z(t). Determine o(1).
4
Let j(c) = -4*c**2 - 3*c. Let b(z) = 5*z**2 + 4*z. Let q(k) = -3*b(k) - 4*j(k). Let g(i) = i**2 - 1. Let v(r) = -g(r) - 4*q(r). Give v(1).
-4
Let f(b) = -14*b + 2. Let c(a) = -7*a + 1. Let p(g) = 5*c(g) - 2*f(g). Calculate p(-1).
8
Let x(v) = v + 1. Let y(l) be the second derivative of -1/2*l**3 + 0 - 3*l**2 + 2*l + 1/20*l**5 - 1/3*l**4. Let n be y(5). What is x(n)?
5
Let d(b) = 3*b + 7 + 5*b + b**2 - 3*b + 2*b. Suppose 0 = -4*h - 0*q - q + 14, -4*h + 3*q = -6. Suppose h*u + 11 = -p, 4*p + 11 - 2 = -5*u. Calculate d(u).
-3
Let b be 21 + 1 + -4 + 2. Suppose v + b = -3*v. Let f(y) = -2*y - 4. Calculate f(v).
6
Let d(s) be the first derivative of s**2 - 9*s + 7. What is d(6)?
3
Let t(b) = b**2 - 6*b - 8. Suppose -3*k + 6 + 22 = -5*r, 8 = -4*r. Determine t(k).
-8
Let g = 18 - 13. Let c = g + -1. Let m(o) be the third derivative of -o**6/120 + o**5/15 + o**4/24 - 2*o**3/3 + 56*o**2. What is m(c)?
0
Let x(a) = a**2 - 9*a - 26. Let t be x(11). Let c(l) = -4 - 3 + 2 - l. Give c(t).
-1
Let m(o) = 2*o - 8. Let u be m(5). Let k(l) = -2 - l**3 - 6*l + 2*l - 7 + 7 - 4*l**u. Give k(-4).
14
Let k(n) = 1. Let r(y) = -y + 5. Let l(p) = 4*k(p) - r(p). Suppose -3*v + 4*v + 17 = 3*g, -2*g - 12 = 4*v. Calculate l(v).
-6
Suppose 5*d + f - 5 + 38 = 0, -2*d - 3 = -3*f. Let o(m) = m**2 + 9*m + 7. What is o(d)?
-11
Let w(z) = z**2 - 2*z - 1. Let o(m) = 2*m**2 - 11*m + 1. Let i(p) = -o(p) + 3*w(p). Give i(-4).
-8
Suppose -4*j + 2 = -3*j - 2*a, 0 = j - 3*a - 4. Let w(u) = -u**2 + 1. Calculate w(j).
-3
Let s(z) = -6*z - 4*z + 5 + 4*z - 2*z**2. What is s(-5)?
-15
Suppose -3 = -d + 4*h + 4, -3*h = 3. Let k(y) = 2*y**d + 2*y + 12*y**2 + 2 - 3*y**3 - 15*y**2. Let f be (-26)/10 + (-4)/10. Calculate k(f).
-4
Suppose 2*g - 4*g - 10 = 0, -4*g - 5 = -3*x. Let n(d) = d**2 + 4*d - 1. Calculate n(x).
4
Let d(n) = -5*n - 2. Let w = 43 - 45. What is d(w)?
8
Let f(u) = 5*u**2 - 6*u - 1. Let b(n) = -6*n**2 + 7*n + 1. Let x(o) = -6*b(o) - 7*f(o). Determine x(-3).
10
Let r(c) = 2*c**2 - 4 + 0*c + 0 + 2*c. Let h(g) = 3*g**2 - 30*g - 3. Let p be h(10). Give r(p).
8
Let d(w) be the third derivative of 3*w**2 + 0 + 0*w - 1/24*w**4 + 1/2*w**3. Determine d(3).
0
Suppose -24 = -4*a + 2*m, -4*a + 12 = -m - 8. Suppose -s + a*s - 12 = 0. Let y(z) = 1 + z - s*z + z. What is y(-3)?
7
Suppose -8 = d - 2. Let y be 40/(-7) + d/21. Let o(k) = k + 4. Calculate o(y).
-2
Let a(j) = -6*j + 2. Let u(o) = -o**2 + 21*o - 23. Let k be u(20). What is a(k)?
20
Let x(g) = -g + g**2 + g**3 - 3*g**3 - 3*g**3. Suppose -12 = -4*z, z = -6*k + k + 8. What is x(k)?
-5
Let y(h) = h + 3. Let u be y(-5). Let l be (u/(-4))/((-2)/16). Let p(z) be the second derivative of z**3/2 + 5*z**2/2 + 3*z. Give p(l).
-7
Let k be (1 - (0 - -2)) + 7. Let l = k + 0. Suppose 0 = d + 2*d + l. Let z(f) = -2*f**2 - 2*f - 2. Calculate z(d).
-6
Let a(d) = -d**3 - d**2 + d + 1. Let r be a(-1). Let m be 0 - (r - (-1 - 2)). Let p(b) = -2 - b**3 - 3 + b - 2*b**2 + 9. Determine p(m).
10
Suppose 4*m + 3 + 2 = -3*q, 3*q = m + 20. Suppose -3*v - 3*f + 33 = 0, 3*v + 3 = q*f - 4. Let c(s) = -2*s + 9. Determine c(v).
-3
Let w = 0 - -2. Let n(a) = 5 - a - a - w. Let z = 60 + -63. Calculate n(z).
9
Let j = 2 - -7. Let h be 28 + 3*6/j. Let p be (-2)/8 - h/8. Let z(t) = -2*t - 4. Calculate z(p).
4
Let s(q) = 3*q - 3. Let p = -7 - -8. Let t be (3 - p/(-1))*1. Let a be (-1)/(t/6)*-2. What is s(a)?
6
Let h(q) = -q**2 - 4*q - 3. Suppose 5 + 0 = -s. Calculate h(s).
-8
Let a(b) = -314*b**2 + b - 1 + 306*b**2 - 3*b. Let z be (-32)/18 - (-4)/(-18). Let u = z + 1. Determine a(u).
-7
Let w(l) = 11*l**3 + l. Let k = -7 + 3. Let i be ((-1)/k)/(4/16). Calculate w(i).
12
Suppose -3*c + 4*c - 4 = 0. Let g(a) = -2*a + 6. Give g(c).
-2
Let d(y) be the third derivative of y**6/120 - y**5/15 + y**4/24 - y**3/6 + 16*y**2. Give d(4).
3
Suppose 2*m = 7*m + 30. Let k = m + 8. Let j(n) = -3*n + n**3 + 0*n + 7*n + 5*n**k. Determine j(-3).
6
Suppose -30 = -5*v - 65. Let r(z) = z - 1. Give r(v).
-8
Let b(t) = -t**2 - 8*t - 2. Let n be b(-7). Let o(d) be the third derivative of d**3 + 0 - 1/120*d**6 + 0*d + 1/10*d**5 - d**2 - 1/4*d**4. Determine o(n).
1
Let a(m) = -m**2 - 5*m + 5. Suppose 3 + 29 = 2*k. Suppose -l = -3*l - 2*t - k, 2*t + 21 = -3*l. Calculate a(l).
5
Let n be (8/(-6))/(8/(-36)). Let x(q) = -1 + n + q**2 - 3. Give x(0).
2
Let j = 1 + -5. Let i(q) = 7*q - 8. Let f(a) = a - 2. Let k(c) = 6*f(c) - i(c). What is k(j)?
0
Let t(h) be the second derivative of h**4